?
226
What is the greatest common divisor of 15 and 36120?
15
What is the greatest common divisor of 124 and 434?
62
Calculate the greatest common factor of 9 and 1.
1
Calculate the highest common factor of 31745 and 7.
7
Calculate the highest common divisor of 24 and 232.
8
Calculate the greatest common divisor of 4116 and 42.
42
Calculate the highest common divisor of 1 and 8.
1
What is the greatest common factor of 70 and 28?
14
Calculate the greatest common factor of 944 and 16.
16
Calculate the highest common divisor of 448 and 6160.
112
What is the greatest common factor of 38 and 19?
19
What is the highest common divisor of 9 and 441?
9
What is the greatest common factor of 322 and 938?
14
What is the highest common factor of 2254 and 782?
46
Calculate the greatest common factor of 2864 and 895.
179
Calculate the greatest common divisor of 30 and 48.
6
What is the greatest common factor of 97 and 2425?
97
Calculate the greatest common factor of 68 and 32.
4
Calculate the greatest common divisor of 14 and 84.
14
What is the greatest common divisor of 64 and 544?
32
Calculate the greatest common factor of 448 and 512.
64
What is the greatest common factor of 1 and 43?
1
What is the highest common factor of 141 and 94?
47
What is the greatest common divisor of 320 and 20?
20
Calculate the highest common factor of 1843 and 19.
19
What is the highest common divisor of 805 and 345?
115
Calculate the highest common divisor of 60 and 28.
4
What is the greatest common divisor of 2135 and 61?
61
Calculate the greatest common divisor of 114 and 3458.
38
Calculate the highest common divisor of 16718 and 26.
26
Calculate the highest common factor of 27 and 96.
3
What is the greatest common divisor of 32508 and 504?
252
Calculate the greatest common factor of 21 and 7.
7
Calculate the greatest common divisor of 1900 and 500.
100
Calculate the highest common divisor of 4739 and 21.
7
Calculate the highest common factor of 40 and 38610.
10
What is the greatest common divisor of 88 and 6688?
88
Calculate the greatest common divisor of 7967 and 31.
31
What is the highest common factor of 1178 and 304?
38
What is the highest common factor of 24 and 1608?
24
What is the highest common factor of 19 and 475?
19
Calculate the highest common divisor of 4469 and 109.
109
Calculate the highest common divisor of 22989 and 948.
237
What is the highest common divisor of 6233 and 115?
23
What is the highest common factor of 150 and 950?
50
Calculate the greatest common factor of 1403 and 61.
61
Calculate the greatest common factor of 324 and 4806.
54
Calculate the highest common factor of 3737 and 303.
101
What is the greatest common divisor of 122 and 183?
61
Calculate the greatest common factor of 95 and 247.
19
What is the greatest common divisor of 504 and 91?
7
What is the greatest common divisor of 629 and 119?
17
Calculate the highest common divisor of 28 and 196.
28
What is the greatest common factor of 31 and 62?
31
Calculate the highest common factor of 16 and 1868.
4
Calculate the greatest common divisor of 1388 and 32.
4
Calculate the greatest common divisor of 486 and 4608.
18
What is the highest common divisor of 8 and 1256?
8
What is the highest common divisor of 28691 and 13?
13
What is the greatest common divisor of 8 and 3?
1
Calculate the highest common divisor of 5 and 135.
5
What is the highest common divisor of 299 and 69?
23
Calculate the highest common divisor of 304 and 228.
76
What is the highest common divisor of 703 and 666?
37
Calculate the greatest common factor of 14 and 238.
14
Calculate the greatest common divisor of 20 and 300.
20
Calculate the greatest common factor of 182 and 28.
14
What is the greatest common factor of 64 and 512?
64
Calculate the greatest common divisor of 2 and 81.
1
Calculate the highest common factor of 315 and 765.
45
What is the greatest common divisor of 99 and 4191?
33
What is the highest common divisor of 60 and 3240?
60
Calculate the greatest common divisor of 403 and 52.
13
Calculate the highest common factor of 121 and 209.
11
Calculate the highest common factor of 689 and 53.
53
Calculate the greatest common divisor of 5159 and 134.
67
Calculate the highest common factor of 1032 and 36.
12
Calculate the greatest common factor of 1855 and 106.
53
Calculate the greatest common factor of 1089 and 198.
99
What is the greatest common divisor of 18242 and 14?
14
What is the greatest common divisor of 75 and 10830?
15
What is the highest common divisor of 3 and 31?
1
Calculate the highest common divisor of 121 and 33.
11
Calculate the highest common divisor of 16 and 28.
4
What is the greatest common factor of 10 and 75910?
10
What is the greatest common divisor of 2 and 32?
2
Calculate the highest common factor of 9 and 243.
9
Calculate the greatest common divisor of 14 and 82.
2
Calculate the greatest common factor of 5850 and 48.
6
Calculate the highest common divisor of 328 and 1886.
82
Calculate the highest common divisor of 43 and 129.
43
Calculate the greatest common divisor of 348 and 435.
87
Calculate the highest common factor of 13184 and 206.
206
What is the highest common factor of 893 and 437?
19
What is the greatest common divisor of 1331 and 484?
121
Calculate the highest common factor of 162 and 432.
54
What is the highest common factor of 405 and 486?
81
What is the greatest common factor of 1128 and 192?
24
What is the highest common divisor of 875 and 35?
35
What is the greatest common factor of 200 and 1160?
40
What is the greatest common factor of 800 and 500?
100
What is the highest common divisor of 3 and 2?
1
What is the highest common divisor of 33 and 9?
3
Calculate the greatest common divisor of 182 and 854.
14
Calculate the greatest common divisor of 427 and 875.
7
What is the greatest common factor of 10 and 3430?
10
Calculate the highest common factor of 490 and 350.
70
What is the highest common factor of 18 and 1152?
18
Calculate the highest common divisor of 2460 and 420.
60
Calculate the greatest common factor of 1060 and 2332.
212
What is the greatest common divisor of 9 and 291?
3
Calculate the greatest common factor of 3468 and 17.
17
What is the highest common divisor of 40 and 4180?
20
Calculate the highest common divisor of 19 and 703.
19
Calculate the greatest common divisor of 715 and 260.
65
Calculate the highest common divisor of 20224 and 79.
79
Calculate the greatest common divisor of 121 and 891.
11
What is the highest common divisor of 486 and 6?
6
What is the greatest common divisor of 666 and 37?
37
Calculate the greatest common factor of 945 and 105.
105
What is the greatest common factor of 183 and 3?
3
What is the highest common factor of 301 and 172?
43
What is the highest common factor of 609 and 189?
21
Calculate the highest common factor of 9 and 447.
3
What is the highest common divisor of 104 and 4849?
13
What is the greatest common factor of 255 and 153?
51
Calculate the highest common divisor of 645 and 240.
15
Calculate the greatest common factor of 2 and 2694.
2
What is the greatest common divisor of 40 and 1080?
40
What is the highest common divisor of 18 and 1359?
9
What is the greatest common factor of 112 and 7854?
14
What is the highest common factor of 117 and 3211?
13
What is the highest common divisor of 48 and 324?
12
Calculate the greatest common divisor of 5706 and 18.
18
Calculate the highest common factor of 1738 and 143.
11
Calculate the highest common divisor of 1310 and 1441.
131
Calculate the highest common factor of 63 and 147.
21
Calculate the greatest common divisor of 9 and 4716.
9
Calculate the highest common factor of 1792 and 28.
28
What is the highest common factor of 15680 and 240?
80
Calculate the highest common divisor of 308 and 1892.
44
Calculate the highest common factor of 210 and 336.
42
Calculate the greatest common divisor of 999 and 27.
27
Calculate the highest common divisor of 22 and 2750.
22
What is the highest common factor of 2314 and 78?
26
Calculate the highest common factor of 351 and 243.
27
What is the greatest common divisor of 162 and 1422?
18
Calculate the greatest common factor of 66 and 165.
33
What is the greatest common divisor of 9633 and 26?
13
Calculate the greatest common factor of 89